22
Convert 11 (base 9) to base 14.
a
Convert 133 (base 7) to base 8.
111
-9 (base 15) to base 8
-11
What is -2310 (base 5) in base 15?
-170
Convert 1 (base 4) to base 8.
1
What is -175 (base 9) in base 12?
-105
9 (base 15) to base 4
21
2 (base 3) to base 4
2
0 (base 10) to base 7
0
What is -2 (base 3) in base 2?
-10
What is 10 (base 3) in base 2?
11
What is 20 (base 4) in base 2?
1000
What is 243 (base 10) in base 15?
113
What is -42 (base 14) in base 13?
-46
-52 (base 8) to base 9
-46
Convert -40 (base 9) to base 13.
-2a
Convert 13 (base 7) to base 15.
a
What is 3 (base 4) in base 9?
3
Convert -62 (base 13) to base 11.
-73
What is 120010 (base 3) in base 12?
2a0
27 (base 10) to base 11
25
Convert 13 (base 16) to base 13.
16
-10 (base 4) to base 3
-11
-231 (base 12) to base 14
-193
63 (base 10) to base 5
223
Convert -1 (base 8) to base 6.
-1
Convert -231 (base 6) to base 10.
-91
What is 33 (base 4) in base 16?
f
Convert 0 (base 5) to base 2.
0
Convert -11 (base 6) to base 14.
-7
Convert 1 (base 4) to base 12.
1
Convert 1221 (base 3) to base 6.
124
28 (base 11) to base 13
24
Convert -2 (base 7) to base 5.
-2
What is -e9 (base 15) in base 13?
-13b
Convert 46 (base 14) to base 16.
3e
What is -224 (base 5) in base 15?
-44
What is e (base 15) in base 13?
11
Convert 1 (base 2) to base 4.
1
-344 (base 6) to base 11
-114
-60 (base 11) to base 4
-1002
What is -99 (base 14) in base 15?
-90
What is -4 (base 6) in base 15?
-4
10 (base 8) to base 12
8
443 (base 6) to base 9
210
Convert 1101 (base 2) to base 3.
111
What is 110 (base 5) in base 13?
24
-161 (base 10) to base 7
-320
-1 (base 8) to base 7
-1
Convert 32 (base 4) to base 6.
22
Convert 3103 (base 5) to base 10.
403
-17 (base 14) to base 6
-33
Convert -2221 (base 4) to base 2.
-10101001
-3 (base 5) to base 8
-3
What is 2 (base 3) in base 15?
2
-59 (base 11) to base 15
-44
5 (base 6) to base 11
5
What is -2 (base 6) in base 16?
-2
-113 (base 4) to base 7
-32
What is -201 (base 6) in base 4?
-1021
Convert 29 (base 15) to base 2.
100111
Convert d6 (base 16) to base 8.
326
-1304 (base 5) to base 9
-246
What is -25 (base 9) in base 10?
-23
Convert -2 (base 5) to base 15.
-2
1 (base 4) to base 12
1
What is -5 (base 9) in base 6?
-5
What is -2 (base 5) in base 6?
-2
What is -57 (base 8) in base 6?
-115
-4 (base 15) to base 11
-4
-46 (base 7) to base 4
-202
62 (base 12) to base 8
112
Convert -11 (base 8) to base 13.
-9
1030 (base 5) to base 9
165
-c (base 14) to base 2
-1100
Convert 1022 (base 3) to base 5.
120
What is -1 (base 14) in base 12?
-1
Convert -4 (base 12) to base 14.
-4
-3 (base 16) to base 5
-3
Convert -6c (base 14) to base 9.
-116
-1ac (base 15) to base 13
-23a
Convert -37 (base 11) to base 13.
-31
What is -4b (base 14) in base 7?
-124
Convert -4 (base 5) to base 9.
-4
What is 14 (base 10) in base 13?
11
What is 5 (base 11) in base 3?
12
What is 1 (base 8) in base 2?
1
Convert -4 (base 12) to base 6.
-4
-1b5 (base 14) to base 10
-355
Convert 1 (base 9) to base 14.
1
-3 (base 14) to base 2
-11
What is -1a (base 15) in base 5?
-100
11 (base 3) to base 13
4
2 (base 13) to base 2
10
What is -33 (base 15) in base 10?
-48
Convert 22 (base 5) to base 10.
12
What is 1224 (base 5) in base 14?
d7
What is 3 (base 7) in base 2?
11
What is 35 (base 6) in base 9?
25
-2 (base 10) to base 3
-2
What is 1 (base 2) in base 5?
1
Convert -10 (base 3) to base 16.
-3
What is -25 (base 10) in base 16?
-19
What is -113 (base 7) in base 14?
-43
a (base 16) to base 8
12
Convert 0 (base 13) to base 7.
0
What is 31 (base 13) in base 14?
2c
Convert -41 (base 7) to base 4.
-131
-87 (base 11) to base 15
-65
What is 1 (base 11) in base 6?
1
Convert -2 (base 5) to base 2.
-10
-14 (base 11) to base 13
-12
Convert 9 (base 11) to base 4.
21
-7 (base 15) to base 6
-11
Convert 13 (base 7) to base 3.
101
130 (base 11) to base 2
10011010
Convert 1 (base 16) to base 2.
1
Convert -10 (base 4) to base 9.
-4
What is 10 (base 3) in base 11?
3
Convert 1c (base 14) to base 12.
22
10 (base 3) to base 9
3
-220 (base 3) to base 15
-19
-24 (base 16) to base 2
-100100
Convert 43 (base 13) to base 4.
313
Convert -10100 (base 2) to base 15.
-15
What is 0 (base 8) in base 7?
0
3 (base 10) to base 5
3
What is 1 (base 3) in base 12?
1
1 (base 9) to base 2
1
What is -5 (base 15) in base 10?
-5
Convert 13 (base 6) to base 7.
12
12 (base 7) to base 6
13
Convert 172 (base 11) to base 13.
125
Convert 5 (base 16) to base 11.
5
-20 (base 10) to base 3
-202
What is 220 (base 4) in base 7?
55
Convert -1 (base 4) to base 3.
-1
4 (base 12) to base 15
4
What is 13 (base 8) in base 13?
b
Convert -8 (base 10) to base 4.
-20
What is 143 (base 5) in base 13?
39
What is 1 (base 5) in base 10?
1
What is 1a (base 13) in base 14?
19
-4 (base 6) to base 4
-10
-303 (base 6) to base 4
-1233
3 (base 4) to base 16
3
Convert -1 (base 9) to base 8.
-1
Convert 4 (base 15) to base 14.
4
What is 2 (base 10) in base 12?
2
Convert -7 (base 12) to base 13.
-7
What is 10202 (base 3) in base 4?
1211
What is -102 (base 4) in base 11?
-17
Convert 10120 (base 3) to base 11.
88
What is 6 (base 15) in base 6?
10
What is -1334 (base 6) in base 12?
-24a
69 (base 12) to base 14
5b
Convert 3 (base 5) to base 6.
3
What is -16 (base 9) in base 7?
-21
Convert 110 (base 3) to base 6.
20
Convert 24 (base 8) to base 14.
16
14 (base 6) to base 7
13
Convert 25 (base 6) to base 2.
10001
What is 5 (base 16) in base 10?
5
What is -5 (base 13) in base 15?
-5
Convert -22 (base 14) to base 3.
-1010
4 (base 13) to base 9
4
120 (base 3) to base 5
30
What is -2 (base 16) in base 7?
-2
14 (base 10) to base 6
22
-39 (base 13) to base 5
-143
Convert 6 (base 8) to base 7.
6
-3 (base 10) to base 11
-3
What is -11 (base 6) in base 2?
-111
Convert -10 (base 4) to base 10.
-4
Convert -17 (base 8) to base 11.
-14
Convert -2 (base 4) to base 14.
-2
Convert 2322 (base 4) to base 5.
1221
What is -10100000 (base 2) in base 7?
-316
Convert -1334 (base 5) to base 16.
-db
Convert 54 (base 15) to base 11.
72
-12c (base 14) to base 13
-152
What is -1b (base 14) in base 10?
-25
Convert 180 (base 11) to base 5.
1314
Convert -19 (base 13) to base 7.
-31
What is 10 (base 5) in base 3?
12
What is 62 (base 15) in base 2?
1011100
What is 11 (base 14) in base 10?
15
Convert 0 (base 6) to base 9.
0
Convert -110000110 (base 2) to base 6.
-1450
What is 0 (base 14) in base 6?
0
What is 1 (base 7) in base 9?
1
Convert -44 (base 12) to base 11.
-48
What is 3 (base 10) in base 9?
3
Convert -61 (base 13) to base 4.
-1033
What is 1 (base 13) in base 8?
1
What is -46 (base 8) in base 15?
-28
-144 (base 6) to base 14
-48
-1 (base 11) to base 8
-1
What is -3 (base 6) in base 10?
-3
What is 1 (base 9) in base 15?
1
What is 5d (base 14) in base 3?
10002
b4 (base 15) to base 3
20021
What is 10 (base 2) in base 11?
2
What is -102 (base 4) in base 13?
-15
What is -1 (base 11) in base 4?
-1
Convert -1 (base 6) to base 11.
-1
-3 (base 12) to base 10
-3
5 (base 6) to base 15
5
Convert -2 (base 5) to base 9.
-2
Convert -5 (base 15) to base 14.
-5
What is 61 (base 9) in base 3?
2001
What is -1 (base 10) in base 16?
-1
What is -10122 (base 3) in base 8?
-142
What is 118 (base 12) in base 10?
164
116 (base 16) to base 11
233
-3 (base 11) to base 2
-11
What is 6 (base 8) in base 2?
110
Convert -121 (base 3) to base 9.
-17
What is -23 (base 10) in base 16?
-17
Convert -11 (base 5) to base 4.
-12
-20 (base 4) to base 12
-8
-3 (base 14) to base 11
-3
1 (base 3) to base 2
1
Convert -cb (base 15) to base 4.
-2333
-13 (base 5) to base 6
-12
-58 (base 9) to base 13
-41
0 (base 15) to base 7
0
Convert -132 (base 5) to base 14.
-30
Convert -32 (base 8) to base 7.
-35
3 (base 8) to base 5
3
-29 (base 14) to base 13
-2b
Convert 4 (base 7) to base 4.
10
What is -2 (base 14) in base 10?
-2
-11112 (base 3) to base 16
-7a
Convert 1 (base 2) to base 5.
1
What is 7 (base 10) in base 3?
21
-1 (base 4) to base 11
-1
114 (base 12) to base 7
316
2 (base 15) to base 7
2
-30 (base 14) to base 10
-42
-112 (base 4) to base 8
-26
Convert 6 (base 14) to base 10.
6
-105 (base 10) to base 4
-1221
What is -2 (base 8) in base 9?
-2
What is 11 (base 5) in base 8?
6
Convert 2 (base 9) to base 2.
10
What is -21 (base 3) in base 4?
-13
What is 1 (base 2) in base 7?
1
f (base 16) to base 3